d by 1384?
421
Calculate the remainder when 788 is divided by 260.
8
What is the remainder when 62299 is divided by 207?
199
Calculate the remainder when 14617260 is divided by 17.
14
What is the remainder when 210633 is divided by 148?
29
Calculate the remainder when 3825 is divided by 16.
1
Calculate the remainder when 14621 is divided by 55.
46
What is the remainder when 1022 is divided by 311?
89
What is the remainder when 16537 is divided by 5510?
7
What is the remainder when 1591023 is divided by 34?
27
What is the remainder when 30955 is divided by 71?
70
What is the remainder when 473925 is divided by 56?
53
What is the remainder when 76214 is divided by 28?
26
Calculate the remainder when 43440 is divided by 1061.
1000
What is the remainder when 883648 is divided by 86?
84
Calculate the remainder when 2814 is divided by 2772.
42
Calculate the remainder when 343397 is divided by 136.
133
What is the remainder when 139774 is divided by 896?
894
What is the remainder when 20194 is divided by 54?
52
Calculate the remainder when 61755 is divided by 36.
15
Calculate the remainder when 411150 is divided by 28.
26
Calculate the remainder when 55337 is divided by 55.
7
What is the remainder when 32025 is divided by 7999?
29
What is the remainder when 1409 is divided by 5?
4
Calculate the remainder when 25643 is divided by 930.
533
Calculate the remainder when 25474 is divided by 54.
40
What is the remainder when 246330 is divided by 20?
10
Calculate the remainder when 1268952 is divided by 893.
892
Calculate the remainder when 1246358 is divided by 40.
38
What is the remainder when 20370 is divided by 5082?
42
Calculate the remainder when 113037 is divided by 37.
2
Calculate the remainder when 79716 is divided by 511.
0
Calculate the remainder when 382149 is divided by 218.
213
What is the remainder when 9956 is divided by 10?
6
Calculate the remainder when 29825 is divided by 185.
40
Calculate the remainder when 3060458 is divided by 1937.
1935
What is the remainder when 136859 is divided by 52?
47
What is the remainder when 18414 is divided by 6138?
0
Calculate the remainder when 50432 is divided by 10052.
172
What is the remainder when 4742 is divided by 98?
38
What is the remainder when 59261 is divided by 27?
23
What is the remainder when 7894 is divided by 152?
142
Calculate the remainder when 535426 is divided by 139.
137
Calculate the remainder when 62277 is divided by 1413.
105
What is the remainder when 7318 is divided by 2410?
88
Calculate the remainder when 71392 is divided by 255.
247
Calculate the remainder when 79582 is divided by 15.
7
What is the remainder when 148820 is divided by 30?
20
What is the remainder when 42179 is divided by 30?
29
What is the remainder when 2490 is divided by 114?
96
What is the remainder when 27185 is divided by 27184?
1
What is the remainder when 27066 is divided by 4499?
72
Calculate the remainder when 1784 is divided by 35.
34
What is the remainder when 949 is divided by 622?
327
What is the remainder when 11346 is divided by 3469?
939
What is the remainder when 4842 is divided by 110?
2
Calculate the remainder when 23423 is divided by 192.
191
What is the remainder when 364389 is divided by 216?
213
What is the remainder when 204 is divided by 112?
92
Calculate the remainder when 2140 is divided by 59.
16
What is the remainder when 9914 is divided by 148?
146
What is the remainder when 250165 is divided by 34?
27
Calculate the remainder when 1103 is divided by 503.
97
What is the remainder when 163793 is divided by 40941?
29
Calculate the remainder when 9721 is divided by 223.
132
Calculate the remainder when 103787 is divided by 93.
92
Calculate the remainder when 11252 is divided by 93.
92
What is the remainder when 1369 is divided by 379?
232
Calculate the remainder when 9491 is divided by 17.
5
Calculate the remainder when 792327 is divided by 535.
527
Calculate the remainder when 1810 is divided by 434.
74
What is the remainder when 3595 is divided by 410?
315
Calculate the remainder when 27244 is divided by 2288.
2076
Calculate the remainder when 21890 is divided by 7251.
137
Calculate the remainder when 1161892 is divided by 622.
618
Calculate the remainder when 23030 is divided by 5755.
10
Calculate the remainder when 31479 is divided by 1041.
249
What is the remainder when 8397 is divided by 8392?
5
What is the remainder when 693 is divided by 282?
129
What is the remainder when 2035 is divided by 248?
51
What is the remainder when 63293 is divided by 21000?
293
Calculate the remainder when 447331 is divided by 833.
10
What is the remainder when 1237787 is divided by 73?
72
Calculate the remainder when 2366948 is divided by 584.
580
Calculate the remainder when 17647 is divided by 5878.
13
What is the remainder when 234694 is divided by 118?
110
What is the remainder when 216614 is divided by 45?
29
What is the remainder when 1644 is divided by 217?
125
What is the remainder when 8573 is divided by 23?
17
What is the remainder when 56620 is divided by 18863?
31
Calculate the remainder when 731074 is divided by 57.
49
What is the remainder when 292020 is divided by 58401?
15
Calculate the remainder when 45496 is divided by 170.
106
Calculate the remainder when 29814 is divided by 21.
15
What is the remainder when 8029 is divided by 1101?
322
Calculate the remainder when 1277081 is divided by 47.
44
Calculate the remainder when 4356 is divided by 240.
36
What is the remainder when 34384 is divided by 273?
259
Calculate the remainder when 396254 is divided by 47.
44
Calculate the remainder when 2117 is divided by 526.
13
Calculate the remainder when 1967 is divided by 21.
14
What is the remainder when 49036 is divided by 116?
84
What is the remainder when 17700 is divided by 18?
6
What is the remainder when 4305 is divided by 44?
37
Calculate the remainder when 66647 is divided by 833.
7
What is the remainder when 4846 is divided by 1187?
98
Calculate the remainder when 28483 is divided by 2847.
13
Calculate the remainder when 2832 is divided by 114.
96
What is the remainder when 38971 is divided by 166?
127
What is the remainder when 14507 is divided by 2347?
425
What is the remainder when 46322 is divided by 297?
287
What is the remainder when 34489 is divided by 176?
169
Calculate the remainder when 63848 is divided by 31911.
26
What is the remainder when 2790 is divided by 1032?
726
What is the remainder when 549040 is divided by 39?
37
What is the remainder when 852 is divided by 751?
101
What is the remainder when 4743 is divided by 909?
198
What is the remainder when 32676 is divided by 16271?
134
Calculate the remainder when 9793 is divided by 3255.
28
Calculate the remainder when 1175 is divided by 52.
31
What is the remainder when 146618 is divided by 16?
10
What is the remainder when 28994 is divided by 198?
86
Calculate the remainder when 2276 is divided by 32.
4
Calculate the remainder when 56459 is divided by 74.
71
What is the remainder when 818051 is divided by 1408?
3
Calculate the remainder when 4642 is divided by 172.
170
Calculate the remainder when 296703 is divided by 10988.
27
Calculate the remainder when 112197 is divided by 264.
261
Calculate the remainder when 1486 is divided by 94.
76
Calculate the remainder when 11432 is divided by 264.
80
What is the remainder when 9547 is divided by 53?
7
What is the remainder when 1436 is divided by 206?
200
Calculate the remainder when 3930 is divided by 1123.
561
Calculate the remainder when 36156 is divided by 722.
56
Calculate the remainder when 214724 is divided by 704.
4
Calculate the remainder when 16452 is divided by 187.
183
Calculate the remainder when 118394 is divided by 320.
314
Calculate the remainder when 10532 is divided by 596.
400
What is the remainder when 484634 is divided by 520?
514
What is the remainder when 1068016 is divided by 1409?
1403
Calculate the remainder when 18717 is divided by 14.
13
What is the remainder when 77317 is divided by 25756?
49
Calculate the remainder when 5862 is divided by 68.
14
What is the remainder when 11473 is divided by 425?
423
Calculate the remainder when 2481 is divided by 617.
13
Calculate the remainder when 21884 is divided by 685.
649
Calculate the remainder w